{"id":690,"date":"2014-03-27T22:01:58","date_gmt":"2014-03-27T21:01:58","guid":{"rendered":"http:\/\/ciid45.com\/wordpress\/?page_id=690"},"modified":"2025-02-14T17:14:48","modified_gmt":"2025-02-14T16:14:48","slug":"tarif","status":"publish","type":"page","link":"https:\/\/ciid45.com\/wordpress\/tarif\/","title":{"rendered":"Tarifs"},"content":{"rendered":"<p><strong>Tarifs des prestations \u00e0 Domicile (*) : <\/strong><\/p>\n<p><span style=\"font-size: revert;\"><strong>44,00\u20acde l&rsquo;heure\u00a0<\/strong><\/span><br \/>\n120,00\u20ac les 3 heures soit 40,00\u20ac de l&rsquo;heure<\/p>\n<p>225,00\u20ac la journ\u00e9e de 6 heures soit 37,50\u20ac de l&rsquo;heure<\/p>\n<p>Les tarifs affich\u00e9s sont affich\u00e9s TTC et hors d\u00e9placement, chaque quart d&rsquo;heure suppl\u00e9mentaire est factur\u00e9 11,00\u20ac<\/p>\n<p><strong>Cr\u00e9ation Site Internet :<\/strong> \u00e0 partir de 600\u20ac TTC.<br \/>\nWordPress, Prestashop, pour un devis, nous contacter.<\/p>\n<p><strong>Maintenance Site Internet :<\/strong> 60\u20ac \/ heure TTC **<\/p>\n<p><strong>D\u00e9placement :<br \/>\n<\/strong><span style=\"font-size: revert;\">Saint Jean le Blanc 45650 : offert<br \/>\n<\/span><span style=\"font-size: revert;\">Orl\u00e9ans et agglo : \u00a0 6\u20ac TTC<br \/>\n<\/span>Loiret ou autres : \u00a0\u00a0\u00a00.60\u20ac \/ km au d\u00e9part de Saint Jean le Blanc<\/p>\n<p><em>* Tarifs au 01\/01\/2025 sous r\u00e9serve de modification<\/em><br \/>\n<em>** tous les d\u00e9tails sur la tarification sont dans l&rsquo;article 4 des conditions g\u00e9n\u00e9rales.<\/em><\/p>\n","protected":false},"excerpt":{"rendered":"<p>Tarifs des prestations \u00e0 Domicile (*) : 44,00\u20acde l&rsquo;heure\u00a0 120,00\u20ac les 3 heures soit 40,00\u20ac de l&rsquo;heure 225,00\u20ac la journ\u00e9e de 6 heures soit 37,50\u20ac de l&rsquo;heure Les tarifs affich\u00e9s sont affich\u00e9s TTC et hors d\u00e9placement, chaque quart d&rsquo;heure suppl\u00e9mentaire est factur\u00e9 11,00\u20ac Cr\u00e9ation Site Internet : \u00e0 partir de 600\u20ac TTC. WordPress, Prestashop, pour [&hellip;]<\/p>\n","protected":false},"author":2,"featured_media":0,"parent":0,"menu_order":0,"comment_status":"closed","ping_status":"closed","template":"","meta":{"_monsterinsights_skip_tracking":false,"_monsterinsights_sitenote_active":false,"_monsterinsights_sitenote_note":"","_monsterinsights_sitenote_category":0,"ocean_post_layout":"","ocean_both_sidebars_style":"","ocean_both_sidebars_content_width":0,"ocean_both_sidebars_sidebars_width":0,"ocean_sidebar":"0","ocean_second_sidebar":"0","ocean_disable_margins":"enable","ocean_add_body_class":"","ocean_shortcode_before_top_bar":"","ocean_shortcode_after_top_bar":"","ocean_shortcode_before_header":"","ocean_shortcode_after_header":"","ocean_has_shortcode":"","ocean_shortcode_after_title":"","ocean_shortcode_before_footer_widgets":"","ocean_shortcode_after_footer_widgets":"","ocean_shortcode_before_footer_bottom":"","ocean_shortcode_after_footer_bottom":"","ocean_display_top_bar":"default","ocean_display_header":"default","ocean_header_style":"","ocean_center_header_left_menu":"0","ocean_custom_header_template":"0","ocean_custom_logo":0,"ocean_custom_retina_logo":0,"ocean_custom_logo_max_width":0,"ocean_custom_logo_tablet_max_width":0,"ocean_custom_logo_mobile_max_width":0,"ocean_custom_logo_max_height":0,"ocean_custom_logo_tablet_max_height":0,"ocean_custom_logo_mobile_max_height":0,"ocean_header_custom_menu":"0","ocean_menu_typo_font_family":"0","ocean_menu_typo_font_subset":"","ocean_menu_typo_font_size":0,"ocean_menu_typo_font_size_tablet":0,"ocean_menu_typo_font_size_mobile":0,"ocean_menu_typo_font_size_unit":"px","ocean_menu_typo_font_weight":"","ocean_menu_typo_font_weight_tablet":"","ocean_menu_typo_font_weight_mobile":"","ocean_menu_typo_transform":"","ocean_menu_typo_transform_tablet":"","ocean_menu_typo_transform_mobile":"","ocean_menu_typo_line_height":0,"ocean_menu_typo_line_height_tablet":0,"ocean_menu_typo_line_height_mobile":0,"ocean_menu_typo_line_height_unit":"","ocean_menu_typo_spacing":0,"ocean_menu_typo_spacing_tablet":0,"ocean_menu_typo_spacing_mobile":0,"ocean_menu_typo_spacing_unit":"","ocean_menu_link_color":"","ocean_menu_link_color_hover":"","ocean_menu_link_color_active":"","ocean_menu_link_background":"","ocean_menu_link_hover_background":"","ocean_menu_link_active_background":"","ocean_menu_social_links_bg":"","ocean_menu_social_hover_links_bg":"","ocean_menu_social_links_color":"","ocean_menu_social_hover_links_color":"","ocean_disable_title":"default","ocean_disable_heading":"default","ocean_post_title":"","ocean_post_subheading":"","ocean_post_title_style":"","ocean_post_title_background_color":"","ocean_post_title_background":0,"ocean_post_title_bg_image_position":"","ocean_post_title_bg_image_attachment":"","ocean_post_title_bg_image_repeat":"","ocean_post_title_bg_image_size":"","ocean_post_title_height":0,"ocean_post_title_bg_overlay":0.5,"ocean_post_title_bg_overlay_color":"","ocean_disable_breadcrumbs":"default","ocean_breadcrumbs_color":"","ocean_breadcrumbs_separator_color":"","ocean_breadcrumbs_links_color":"","ocean_breadcrumbs_links_hover_color":"","ocean_display_footer_widgets":"default","ocean_display_footer_bottom":"default","ocean_custom_footer_template":"0","footnotes":""},"aioseo_notices":[],"_links":{"self":[{"href":"https:\/\/ciid45.com\/wordpress\/wp-json\/wp\/v2\/pages\/690"}],"collection":[{"href":"https:\/\/ciid45.com\/wordpress\/wp-json\/wp\/v2\/pages"}],"about":[{"href":"https:\/\/ciid45.com\/wordpress\/wp-json\/wp\/v2\/types\/page"}],"author":[{"embeddable":true,"href":"https:\/\/ciid45.com\/wordpress\/wp-json\/wp\/v2\/users\/2"}],"replies":[{"embeddable":true,"href":"https:\/\/ciid45.com\/wordpress\/wp-json\/wp\/v2\/comments?post=690"}],"version-history":[{"count":26,"href":"https:\/\/ciid45.com\/wordpress\/wp-json\/wp\/v2\/pages\/690\/revisions"}],"predecessor-version":[{"id":1364,"href":"https:\/\/ciid45.com\/wordpress\/wp-json\/wp\/v2\/pages\/690\/revisions\/1364"}],"wp:attachment":[{"href":"https:\/\/ciid45.com\/wordpress\/wp-json\/wp\/v2\/media?parent=690"}],"curies":[{"name":"wp","href":"https:\/\/api.w.org\/{rel}","templated":true}]}}